{"id":317,"date":"2024-01-23T21:53:10","date_gmt":"2024-01-23T20:53:10","guid":{"rendered":"https:\/\/brondbyskak.dk\/?page_id=317"},"modified":"2024-01-23T21:53:10","modified_gmt":"2024-01-23T20:53:10","slug":"skak-paa-chess-com","status":"publish","type":"page","link":"https:\/\/brondbyskak.dk\/index.php\/skak-paa-chess-com\/","title":{"rendered":"Skak p\u00e5 chess.com"},"content":{"rendered":"<p>Br\u00f8ndby Skakklub har en virtuel skakklub p\u00e5 sitet chess.com og her vil der l\u00f8bende v\u00e6re online-turneringer.<\/p>\n<p><strong>Alle kan deltage i turneringerne og det kr\u00e6ver ikke medlemskab til Br\u00f8ndby Skakklub.<\/strong><\/p>\n<p>For at deltage skal du sende en request om optagelse i Br\u00f8ndby Skakklub p\u00e5 chess.com. Det kan g\u00f8res s\u00e5ledes:<\/p>\n<ol>\n<li>Log dig ind p\u00e5 <a href=\"http:\/\/www.chess.com\">chess.com<\/a>\u00a0 &#8211;\u00a0 hvis du ikke er oprettet som bruger, s\u00e5 skal du g\u00f8re det f\u00f8rst.<\/li>\n<li>\u00a0I menuen skal du g\u00e5 til -&gt; socialt<\/li>\n<li>\u00a0Under socialt tryk p\u00e5 fanen klubben<\/li>\n<li>\u00a0I s\u00f8gefeltet s\u00f8g efter Br\u00f8ndby Skakklub<\/li>\n<li>\u00a0Anmod om medlemsskab<\/li>\n<\/ol>\n<p>S\u00e5 enkelt kan det g\u00f8res \ud83d\ude42<\/p>\n<p><img fetchpriority=\"high\" decoding=\"async\" class=\"alignleft size-medium wp-image-319\" src=\"http:\/\/brondbyskak.dk\/wp-content\/uploads\/2024\/01\/1706043068185ixn3zkeo-300x300.png\" alt=\"To robotter spiller skak\" width=\"300\" height=\"300\" srcset=\"https:\/\/brondbyskak.dk\/wp-content\/uploads\/2024\/01\/1706043068185ixn3zkeo-300x300.png 300w, https:\/\/brondbyskak.dk\/wp-content\/uploads\/2024\/01\/1706043068185ixn3zkeo-150x150.png 150w, https:\/\/brondbyskak.dk\/wp-content\/uploads\/2024\/01\/1706043068185ixn3zkeo-768x768.png 768w, https:\/\/brondbyskak.dk\/wp-content\/uploads\/2024\/01\/1706043068185ixn3zkeo.png 1024w\" sizes=\"(max-width: 300px) 100vw, 300px\" \/><\/p>\n","protected":false},"excerpt":{"rendered":"<p>Br\u00f8ndby Skakklub har en virtuel skakklub p\u00e5 sitet chess.com og her vil der l\u00f8bende v\u00e6re online-turneringer. Alle kan deltage i turneringerne og det kr\u00e6ver ikke&hellip;<\/p>\n","protected":false},"author":1,"featured_media":0,"parent":0,"menu_order":0,"comment_status":"closed","ping_status":"closed","template":"","meta":{"footnotes":""},"class_list":["post-317","page","type-page","status-publish","hentry"],"_links":{"self":[{"href":"https:\/\/brondbyskak.dk\/index.php\/wp-json\/wp\/v2\/pages\/317","targetHints":{"allow":["GET"]}}],"collection":[{"href":"https:\/\/brondbyskak.dk\/index.php\/wp-json\/wp\/v2\/pages"}],"about":[{"href":"https:\/\/brondbyskak.dk\/index.php\/wp-json\/wp\/v2\/types\/page"}],"author":[{"embeddable":true,"href":"https:\/\/brondbyskak.dk\/index.php\/wp-json\/wp\/v2\/users\/1"}],"replies":[{"embeddable":true,"href":"https:\/\/brondbyskak.dk\/index.php\/wp-json\/wp\/v2\/comments?post=317"}],"version-history":[{"count":3,"href":"https:\/\/brondbyskak.dk\/index.php\/wp-json\/wp\/v2\/pages\/317\/revisions"}],"predecessor-version":[{"id":321,"href":"https:\/\/brondbyskak.dk\/index.php\/wp-json\/wp\/v2\/pages\/317\/revisions\/321"}],"wp:attachment":[{"href":"https:\/\/brondbyskak.dk\/index.php\/wp-json\/wp\/v2\/media?parent=317"}],"curies":[{"name":"wp","href":"https:\/\/api.w.org\/{rel}","templated":true}]}}